factor of 80938?
True
Is 6 a factor of 91566?
True
Is 451593 a multiple of 9?
True
Does 99 divide 297?
True
Does 24 divide 203904?
True
Is 463 a factor of 3697518?
True
Does 195 divide 85020?
True
Does 7 divide 1528502?
False
Is 216512 a multiple of 17?
True
Is 306 a factor of 3529404?
True
Is 337770 a multiple of 31?
False
Does 121 divide 192148?
True
Does 632 divide 9520441?
False
Does 291 divide 3386949?
True
Is 92058 a multiple of 276?
False
Is 217448 a multiple of 14?
True
Is 43478 a multiple of 30?
False
Is 11676 a multiple of 7?
True
Does 90 divide 126180?
True
Does 156 divide 5117436?
False
Does 21 divide 18214203?
True
Is 31 a factor of 903542?
False
Does 18 divide 3011400?
True
Is 53130 a multiple of 55?
True
Is 51 a factor of 821661?
True
Is 5656 a multiple of 8?
True
Does 22 divide 189353?
False
Is 89 a factor of 214055?
False
Does 12 divide 199500?
True
Is 195968 a multiple of 8?
True
Does 24 divide 291870?
False
Is 117951 a multiple of 3?
True
Does 134 divide 75395?
False
Does 153 divide 11322?
True
Is 164550 a multiple of 21?
False
Is 99428 a multiple of 469?
True
Does 66 divide 17419578?
True
Does 14 divide 68586?
True
Does 54 divide 1939248?
True
Is 278 a factor of 257339?
False
Is 74 a factor of 2863992?
False
Is 23580 a multiple of 45?
True
Does 464 divide 1622437?
False
Is 10 a factor of 124640?
True
Is 712 a factor of 171592?
True
Is 1711409 a multiple of 109?
True
Does 41 divide 1442544?
True
Is 1391311 a multiple of 31?
True
Is 1442238 a multiple of 549?
False
Does 105 divide 375141?
False
Does 50 divide 5074750?
True
Is 292801 a multiple of 62?
False
Is 162 a factor of 90882?
True
Is 25 a factor of 6324625?
True
Is 394032 a multiple of 65?
False
Does 96 divide 1907236?
False
Is 177 a factor of 2032491?
True
Is 3 a factor of 775?
False
Does 36 divide 43550?
False
Does 191 divide 785010?
True
Does 147 divide 899052?
True
Is 510036 a multiple of 117?
False
Does 6 divide 159590?
False
Is 308 a factor of 126280?
True
Does 386 divide 3818312?
True
Is 209950 a multiple of 14?
False
Does 119 divide 2600864?
True
Is 5500077 a multiple of 74?
False
Is 1557376 a multiple of 64?
True
Is 108 a factor of 1492754?
False
Is 45 a factor of 304290?
True
Is 79120 a multiple of 86?
True
Is 1383307 a multiple of 37?
False
Does 100 divide 2044008?
False
Is 244 a factor of 174966?
False
Is 24 a factor of 355091?
False
Is 3979696 a multiple of 14?
True
Is 394 a factor of 120958?
True
Does 186 divide 1575968?
False
Does 2006 divide 28650742?
False
Is 1484172 a multiple of 519?
False
Is 1012825 a multiple of 201?
False
Does 11 divide 1068096?
False
Is 1088932 a multiple of 13?
True
Is 20349052 a multiple of 714?
False
Does 1465 divide 177265?
True
Does 11 divide 4958789?
True
Does 1187 divide 3561?
True
Is 34 a factor of 4021272?
False
Does 70 divide 147748?
False
Is 4253226 a multiple of 114?
True
Is 415 a factor of 799391?
False
Is 306 a factor of 8729874?
True
Does 4 divide 1246616?
True
Does 24 divide 1031638?
False
Is 95 a factor of 82935?
True
Is 79832 a multiple of 81?
False
Is 4514387 a multiple of 1315?
False
Is 23 a factor of 1884155?
False
Is 639825 a multiple of 15?
True
Is 48 a factor of 118896?
True
Is 66 a factor of 1548294?
True
Is 169879 a multiple of 19?
True
Is 6 a factor of 136572?
True
Is 22374562 a multiple of 2474?
False
Is 3974451 a multiple of 13?
True
Is 93416 a multiple of 3?
False
Is 1401 a factor of 7229129?
False
Is 101 a factor of 16220499?
True
Is 471632 a multiple of 15?
False
Is 1033586 a multiple of 8?
False
Does 63 divide 124786?
False
Is 30498984 a multiple of 27?
True
Does 28 divide 43372?
True
Is 3921372 a multiple of 27?
True
Does 9 divide 74076?
False
Does 968 divide 948640?
True
Is 215 a factor of 60496?
False
Is 52 a factor of 4094961?
False
Is 125350 a multiple of 47?
False
Is 2775570 a multiple of 6?
True
Does 9 divide 2583521?
False
Does 38 divide 103355?
False
Does 1001 divide 13815056?
False
Is 9 a factor of 855189?
True
Is 217 a factor of 303264?
False
Does 188 divide 69936?
True
Is 4 a factor of 297769?
False
Is 292 a factor of 9843904?
True
Does 34 divide 2674830?
False
Does 10 divide 46780?
True
Is 4 a factor of 281?
False
Does 44 divide 2956568?
False
Is 354007 a multiple of 19?
False
Is 15 a factor of 183083?
False
Is 3441768 a multiple of 33?
True
Is 90252 a multiple of 87?
False
Does 58 divide 39189?
False
Does 85 divide 552925?
True
Is 1059 a factor of 2359475?
False
Does 491 divide 343209?
True
Does 41 divide 1463618?
True
Is 27 a factor of 2898207?
True
Is 57300 a multiple of 10?
True
Is 289591 a multiple of 417?
False
Is 5940710 a multiple of 1144?
False
Does 83 divide 137116?
True
Does 13 divide 55038?
False
Is 28 a factor of 1204?
True
Is 98310 a multiple of 58?
True
Is 3 a factor of 12741?
True
Is 312048 a multiple of 24?
True
Is 229 a factor of 1743835?
True
Does 7 divide 7984143?
False
Does 110 divide 300653?
False
Does 64 divide 9709984?
False
Is 115 a factor of 105110?
True
Is 75 a factor of 46320?
False
Is 349 a factor of 869427?
False
Is 8638060 a multiple of 10?
True
Is 274 a factor of 46580?
True
Is 371 a factor of 1554119?
True
Is 124877 a multiple of 202?
False
Is 9270004 a multiple of 130?
False
Is 8 a factor of 203880?
True
Does 57 divide 61788?
True
Does 231 divide 85247?
False
Is 40 a factor of 881920?
True
Is 89 a factor of 2104761?
True
Does 9 divide 90954?
True
Does 475 divide 15346300?
True
Is 732608 a multiple of 122?
False
Is 24 a factor of 69418?
False
Is 8 a factor of 51296?
True
Does 23 divide 2114618?
False
Is 50 a factor of 116787?
False
Is 56350 a multiple of 49?
True
Is 19950 a multiple of 35?
True
Is 288 a factor of 2744116?
False
Is 134939 a multiple of 259?
True
Is 52 a factor of 827684?
True
Is 7471331 a multiple of 9?
False
Is 155 a factor of 167729?
False
Does 41 divide 618608?
True
Is 55 a factor of 65358?
False
Is 37733 a multiple of 97?
True
Is 7 a factor of 54141?
False
Is 53 a factor of 153354?
False
Does 241 divide 2066334?
True
Is 64 a factor of 3945994?
False
Is 125382 a multiple of 39?
False
Is 493661 a multiple of 7?
True
Is 349 a factor of 7432937?
False
Does 3 divide 942411?
True
Is 176388 a multiple of 173?
False
Does 6 divide 167915?
False
Is 849618 a multiple of 198?
True
Is 15 a factor of 6757053?
False
Is 1157994 a multiple of 18?
True
Does 27 divide 540?
True
Does 397 divide 319585?
True
Is 13 a factor of 19834195?
False
Is 36 a factor of 63134?
False
Is 920 a factor of 1038055?
False
Does 20 divide 1105380?
True
Does 23 divide 340515?
True
Is 1211 a factor of 1106407?
False
Does 35 divide 243370?
False
Is 60 a factor of 9319742?
False
Is 34277 a multiple of 21?
False
Is 344558 a multiple of 22?
False
Is 22925 a multiple of 7?
True
Is 230 a factor of 1079160?
True
Is 665896 a multiple of 329?
True
Is 509881 a multiple of 21?
False
Is 368 a factor of 14585364?
False
Is 53 a factor of 439741?
True
Is 1148628 a multiple of 6?
True
Does 272 divide 720256?
True
Is 6077 a multiple of 2?
False
Does 103 divide 4167998?
True
Does 121 divide 364595?
False
Is 79 a factor of 7388633?
True
Is 31 a factor of 6852776?
False
Is 12173 a multiple of 4?
False
Does 45 divide 42030?
True
Is 2273280 a multiple of 740?
True
Does 36 divide 2710872?
True
Is 26 a factor of 364143?
False
Does 321 divide 216354?
True
Is 8424350 a multiple of 172?
False
Does 24 divide 10570707?
False
Is 382556 a multiple of 32?
False
Does 121 divide 33517?
True
Does 57 divide 44460?
True
Is 30 a factor of 1974335?
False
Is 185263 a multiple of 8?
False
Does 3 divide 14727?
True
Is 541296 a multiple of 42?
True
Is 1516 a factor of 1296180?
True
Is 1527960 a multiple of 168?
True
Is 791450 a multiple of 550?
True
Does 139 divide 930744?
True
Is 1170 a factor of 2561308?
False
Is 96408 a multiple of 234?
True
Is 5 a factor of 1129095?
True
Is 257 a factor of 330759?
True
Does 7 divide 1403509?
False
Is 2 a factor of 2556981?
False
Does 88 divide 1985632?
True
Is 13 a factor of 25288086?
False
Does 17 divide 425805?
False
Does 178 divide 1729804?
True
Does 44 divide 74237?
False
Is 7298007 a multiple of 286?
False
Does 60 divide 58980?
True
Is 41 a factor of 888265?
True
Does 3 divide 107613?
True
Is 1130 a factor of 3282650?
True
Does 2 divide 2351912?
True
Is 7 a factor of 34